{"id":2052,"date":"2024-04-10T21:45:19","date_gmt":"2024-04-11T00:45:19","guid":{"rendered":"https:\/\/iovp.com.br\/s\/?page_id=2052"},"modified":"2025-04-25T08:02:24","modified_gmt":"2025-04-25T11:02:24","slug":"orientacoes-ortognatica","status":"publish","type":"page","link":"https:\/\/iovp.com.br\/s\/orientacoes-ortognatica\/","title":{"rendered":"Orienta\u00e7\u00f5es cirurgia ortogn\u00e1tica"},"content":{"rendered":"\n<section id=\"gm5324800\" class=\"wp-block-gutentor-m4 section-gm5324800 gutentor-module gutentor-advanced-columns has-color-bg has-custom-bg\"><div class=\"grid-container\"><div class=\"grid-row\">\n<div id=\"col-gm874335\" class=\"wp-block-gutentor-m4-col col-gm874335 gutentor-single-column  grid-lg-12 grid-md-12 grid-12\"><div id=\"section-gm874335\" class=\"section-gm874335 gutentor-col-wrap\">\n<div id=\"section-g5f54b1\" class=\"wp-block-gutentor-e1 section-g5f54b1 gutentor-element gutentor-element-advanced-text text-align-center-desktop text-align-center-tablet text-align-center-mobile\"><div class=\"gutentor-text-wrap\"><h1 class=\"gutentor-text\">Orienta\u00e7\u00f5es ao paciente para cirurgia ortogn\u00e1tica<\/h1><\/div><\/div>\n\n\n\n<div id=\"section-g29ed6d\" class=\"wp-block-gutentor-e6 section-g29ed6d gutentor-element gutentor-element-image\"><div class=\"gutentor-element-image-box\"><div class=\"gutentor-image-thumb\"><img decoding=\"async\" class=\"normal-image\" src=\"https:\/\/iovp.com.br\/s\/wp-content\/uploads\/2024\/04\/precirurgico.jpg\" alt=\"Orienta\u00e7\u00f5es ao paciente para cirurgia ortogn\u00e1tica\" \/><\/div><\/div><\/div>\n\n\n\n<div id=\"section-ge6b56e\" class=\"wp-block-gutentor-e1 section-ge6b56e gutentor-element gutentor-element-advanced-text text-align-justify-desktop text-align-justify-tablet text-align-justify-mobile\"><div class=\"gutentor-text-wrap\"><p class=\"gutentor-text\">Preparar-se adequadamente para uma cirurgia ortogn\u00e1tica \u00e9 essencial para garantir o sucesso do procedimento e uma recupera\u00e7\u00e3o tranquila. <br>Aqui est\u00e3o algumas orienta\u00e7\u00f5es sobre cuidados e prepara\u00e7\u00e3o em diferentes est\u00e1gios:<\/p><\/div><\/div>\n\n\n\n<section id=\"5881f3\" class=\"section-5881f3 gutentor-module gutentor-module-tabs gutentor-tabs-layout-horizontal gutentor-tabs-pos-top\"><div class=\"grid-container\"><div class=\"gutentor-module-tabs-wrap gutentor-tabs-style-outline\" data-id=\"5881f3\"><div class=\"gutentor-module-tabs-nav\"><span class=\"gutentor-module-tabs-item gm-tt-5881f3 gutentor-tabs-nav-active\"><span class=\"gutentor-module-tabs-title\">Prepara\u00e7\u00e3o<\/span><\/span><span class=\"gutentor-module-tabs-item gm-tt-5881f3\"><span class=\"gutentor-module-tabs-title\">No Hospital<\/span><\/span><span class=\"gutentor-module-tabs-item gm-tt-5881f3\"><span class=\"gutentor-module-tabs-title\">P\u00f3s Cir\u00fargico<\/span><\/span><\/div><div class=\"gutentor-module-tabs-body\">\n<div class=\"wp-block-gutentor-m7-tab gutentor-module-tabs-content gm-tc-5881f3 gutentor-tabs-content-active\">\n<div id=\"section-g8789da\" class=\"wp-block-gutentor-e6 section-g8789da gutentor-element gutentor-element-image text-align-center-mobile\"><div class=\"gutentor-element-image-box\"><div class=\"gutentor-image-thumb\"><img decoding=\"async\" class=\"normal-image\" src=\"https:\/\/iovp.com.br\/s\/wp-content\/uploads\/2024\/04\/pre1.jpg\" alt=\"Prepara\u00e7\u00e3o para cirurgia ortogn\u00e1tica\" \/><\/div><\/div><\/div>\n\n\n\n<div id=\"section-g22f45a\" class=\"wp-block-gutentor-e0 section-g22f45a gutentor-element gutentor-element-advanced-text\"><div class=\"gutentor-text-wrap\"><p class=\"gutentor-text\"><strong><mark class=\"has-inline-color has-ast-global-color-0-color\">&#8211;<\/mark><\/strong> Jejum absoluto de 10 horas (n\u00e3o pode injerir \u00e1gua);<br><strong><mark class=\"has-inline-color has-ast-global-color-0-color\">&#8211;<\/mark><\/strong> Unhas dos p\u00e9s e m\u00e3os sem esmalte;<br><strong><mark class=\"has-inline-color has-ast-global-color-0-color\">&#8211;<\/mark><\/strong> Cabelos secos e sem nenhum produto;<br><strong><mark class=\"has-inline-color has-ast-global-color-0-color\">&#8211;<\/mark><\/strong> Deixar em casa brincos, pulseiras ou qualquer outro acess\u00f3rio;<br><strong><mark class=\"has-inline-color has-ast-global-color-0-color\">&#8211;<\/mark><\/strong> N\u00e3o esque\u00e7a de levar os exames, documentos como RG e CPF, guia de libera\u00e7\u00e3o do conv\u00eanio, quanto tiver plano de sa\u00fade e carta de interna\u00e7\u00e3o do cirurgi\u00e3o.<\/p><\/div><\/div>\n<\/div>\n\n\n\n<div class=\"wp-block-gutentor-m7-tab gutentor-module-tabs-content gm-tc-5881f3\">\n<div id=\"section-gc913e3\" class=\"wp-block-gutentor-e6 section-gc913e3 gutentor-element gutentor-element-image text-align-center-mobile\"><div class=\"gutentor-element-image-box\"><div class=\"gutentor-image-thumb\"><img decoding=\"async\" class=\"normal-image\" src=\"https:\/\/iovp.com.br\/s\/wp-content\/uploads\/2024\/04\/pre2b.jpg\" alt=\"Prepara\u00e7\u00e3o para cirurgia ortogn\u00e1tica\" \/><\/div><\/div><\/div>\n\n\n\n<div id=\"section-g908074\" class=\"wp-block-gutentor-e0 section-g908074 gutentor-element gutentor-element-advanced-text\"><div class=\"gutentor-text-wrap\"><p class=\"gutentor-text\"><strong><mark class=\"has-inline-color has-ast-global-color-0-color\">&#8211;<\/mark><\/strong> Anestesia geral com intuba\u00e7\u00e3o nasal<br><strong><mark class=\"has-inline-color has-ast-global-color-0-color\">&#8211;<\/mark><\/strong> A cirurgia tem dura\u00e7\u00e3o de aproximadamente 1,5 a 6 horas dependendo da complexidade.<br><strong><mark class=\"has-inline-color has-ast-global-color-0-color\">&#8211;<\/mark><\/strong> Ap\u00f3s o t\u00e9rmino, o paciente vai para a RPA ( Recupera\u00e7\u00e3o p\u00f3s anest\u00e9sica) que consciste em uma sala com v\u00e1rios leitos e aparelhos de monitoramento. Ap\u00f3s a recupera\u00e7\u00e3o da anestesia, o paciente \u00e9 encaminhado para o quarto<\/p><\/div><\/div>\n<\/div>\n\n\n\n<div class=\"wp-block-gutentor-m7-tab gutentor-module-tabs-content gm-tc-5881f3\">\n<div id=\"section-g010872\" class=\"wp-block-gutentor-e6 section-g010872 gutentor-element gutentor-element-image text-align-center-mobile\"><div class=\"gutentor-element-image-box\"><div class=\"gutentor-image-thumb\"><img decoding=\"async\" class=\"normal-image\" src=\"https:\/\/iovp.com.br\/s\/wp-content\/uploads\/2024\/04\/pre3b.jpg\" alt=\"Prepara\u00e7\u00e3o para cirurgia ortogn\u00e1tica\" \/><\/div><\/div><\/div>\n\n\n\n<div id=\"section-g5df679\" class=\"wp-block-gutentor-e0 section-g5df679 gutentor-element gutentor-element-advanced-text\"><div class=\"gutentor-text-wrap\"><p class=\"gutentor-text\"><strong><mark class=\"has-inline-color has-ast-global-color-0-color\">&#8211;<\/mark><\/strong> O rosto ficar\u00e1 inchado 2 a 3 vezes o tamanho normal, o que \u00e9 previsto.<br><strong><mark class=\"has-inline-color has-ast-global-color-0-color\">&#8211;<\/mark><\/strong> Ap\u00f3s 10 dias o aspecto melhora e at\u00e9 6 a 12 meses para diminui\u00e7\u00e3o do inca\u00e7o na bochecha.<br><strong><mark class=\"has-inline-color has-ast-global-color-0-color\">&#8211;<\/mark><\/strong> Durante um per\u00edodo, ser\u00e1 normal apresentar pouca sensibilidade na face, podendo &#8220;babar&#8221; sem perceber<br><strong><mark class=\"has-inline-color has-ast-global-color-0-color\">&#8211;<\/mark><\/strong> Normalmente ocorre perda de peso devido a dificuldade de alimenta\u00e7\u00e3o e dieta, podendo o paciente fazer uso de suplemento alimentar.<br><strong><mark class=\"has-inline-color has-ast-global-color-0-color\">&#8211;<\/mark><\/strong> O paciente ir\u00e1 apresentar dificuldade de abertura bucal e sintomatologia dolorosa na face. Ap\u00f3s um per\u00edodo, as fun\u00e7\u00f5es da boca como mastiga\u00e7\u00e3o e sorrizo retornar\u00e3o ao normal.<\/p><\/div><\/div>\n<\/div>\n<\/div><\/div><\/div><\/section>\n\n\n\n<div id=\"section-gcdff30\" class=\"wp-block-gutentor-e1 section-gcdff30 gutentor-element gutentor-element-advanced-text\"><div class=\"gutentor-text-wrap\"><p class=\"gutentor-text\">Seguir todas as instru\u00e7\u00f5es do cirurgi\u00e3o e da equipe m\u00e9dica \u00e9 fundamental para uma recupera\u00e7\u00e3o bem-sucedida ap\u00f3s a cirurgia ortogn\u00e1tica. <br>Se surgirem quaisquer preocupa\u00e7\u00f5es ou complica\u00e7\u00f5es durante o processo de recupera\u00e7\u00e3o, n\u00e3o hesite em entrar em contato com seu m\u00e9dico imediatamente.<\/p><\/div><\/div>\n\n\n\n<div id=\"section-gd3192f\" class=\"wp-block-gutentor-e1 section-gd3192f gutentor-element gutentor-element-advanced-text text-align-center-desktop text-align-center-tablet text-align-center-mobile\"><div class=\"gutentor-text-wrap\"><p class=\"gutentor-text\">Lembre-se que isto \u00e9 apenas uma fase, logo estar\u00e1 vendo o resultado satisfat\u00f3rio<\/p><\/div><\/div>\n<\/div><\/div>\n<\/div><\/div><\/section>\n","protected":false},"excerpt":{"rendered":"","protected":false},"author":2,"featured_media":0,"parent":0,"menu_order":0,"comment_status":"closed","ping_status":"closed","template":"","meta":{"_crdt_document":"","inline_featured_image":false,"_uag_custom_page_level_css":"","site-sidebar-layout":"default","site-content-layout":"","ast-site-content-layout":"full-width-container","site-content-style":"unboxed","site-sidebar-style":"default","ast-global-header-display":"","ast-banner-title-visibility":"","ast-main-header-display":"","ast-hfb-above-header-display":"","ast-hfb-below-header-display":"","ast-hfb-mobile-header-display":"","site-post-title":"disabled","ast-breadcrumbs-content":"","ast-featured-img":"","footer-sml-layout":"","ast-disable-related-posts":"","theme-transparent-header-meta":"","adv-header-id-meta":"","stick-header-meta":"","header-above-stick-meta":"","header-main-stick-meta":"","header-below-stick-meta":"","astra-migrate-meta-layouts":"set","ast-page-background-enabled":"default","ast-page-background-meta":{"desktop":{"background-color":"var(--ast-global-color-4)","background-image":"","background-repeat":"repeat","background-position":"center center","background-size":"auto","background-attachment":"scroll","background-type":"","background-media":"","overlay-type":"","overlay-color":"","overlay-opacity":"","overlay-gradient":""},"tablet":{"background-color":"","background-image":"","background-repeat":"repeat","background-position":"center center","background-size":"auto","background-attachment":"scroll","background-type":"","background-media":"","overlay-type":"","overlay-color":"","overlay-opacity":"","overlay-gradient":""},"mobile":{"background-color":"","background-image":"","background-repeat":"repeat","background-position":"center center","background-size":"auto","background-attachment":"scroll","background-type":"","background-media":"","overlay-type":"","overlay-color":"","overlay-opacity":"","overlay-gradient":""}},"ast-content-background-meta":{"desktop":{"background-color":"var(--ast-global-color-5)","background-image":"","background-repeat":"repeat","background-position":"center center","background-size":"auto","background-attachment":"scroll","background-type":"","background-media":"","overlay-type":"","overlay-color":"","overlay-opacity":"","overlay-gradient":""},"tablet":{"background-color":"var(--ast-global-color-5)","background-image":"","background-repeat":"repeat","background-position":"center center","background-size":"auto","background-attachment":"scroll","background-type":"","background-media":"","overlay-type":"","overlay-color":"","overlay-opacity":"","overlay-gradient":""},"mobile":{"background-color":"var(--ast-global-color-5)","background-image":"","background-repeat":"repeat","background-position":"center center","background-size":"auto","background-attachment":"scroll","background-type":"","background-media":"","overlay-type":"","overlay-color":"","overlay-opacity":"","overlay-gradient":""}},"footnotes":""},"class_list":["post-2052","page","type-page","status-publish","hentry"],"uagb_featured_image_src":{"full":false,"thumbnail":false,"medium":false,"medium_large":false,"large":false,"1536x1536":false,"2048x2048":false},"uagb_author_info":{"display_name":"Sidnei Diniz","author_link":"https:\/\/iovp.com.br\/s\/author\/diniz\/"},"uagb_comment_info":0,"uagb_excerpt":null,"_links":{"self":[{"href":"https:\/\/iovp.com.br\/s\/wp-json\/wp\/v2\/pages\/2052","targetHints":{"allow":["GET"]}}],"collection":[{"href":"https:\/\/iovp.com.br\/s\/wp-json\/wp\/v2\/pages"}],"about":[{"href":"https:\/\/iovp.com.br\/s\/wp-json\/wp\/v2\/types\/page"}],"author":[{"embeddable":true,"href":"https:\/\/iovp.com.br\/s\/wp-json\/wp\/v2\/users\/2"}],"replies":[{"embeddable":true,"href":"https:\/\/iovp.com.br\/s\/wp-json\/wp\/v2\/comments?post=2052"}],"version-history":[{"count":26,"href":"https:\/\/iovp.com.br\/s\/wp-json\/wp\/v2\/pages\/2052\/revisions"}],"predecessor-version":[{"id":2320,"href":"https:\/\/iovp.com.br\/s\/wp-json\/wp\/v2\/pages\/2052\/revisions\/2320"}],"wp:attachment":[{"href":"https:\/\/iovp.com.br\/s\/wp-json\/wp\/v2\/media?parent=2052"}],"curies":[{"name":"wp","href":"https:\/\/api.w.org\/{rel}","templated":true}]}}