{"id":1848,"date":"2024-04-03T21:52:02","date_gmt":"2024-04-04T00:52:02","guid":{"rendered":"https:\/\/iovp.com.br\/s\/?page_id=1848"},"modified":"2024-08-07T15:17:31","modified_gmt":"2024-08-07T18:17:31","slug":"expansao-maxila","status":"publish","type":"page","link":"https:\/\/iovp.com.br\/s\/expansao-maxila\/","title":{"rendered":"expansao maxila &#8211; 1"},"content":{"rendered":"\n<section id=\"gm350ebf2\" class=\"wp-block-gutentor-m4 section-gm350ebf2 gutentor-module gutentor-advanced-columns has-color-bg has-custom-bg\"><div class=\"grid-container\"><div class=\"grid-row\">\n<div id=\"col-gm093cad\" class=\"wp-block-gutentor-m4-col col-gm093cad gutentor-single-column  grid-lg-12 grid-md-12 grid-12\"><div id=\"section-gm093cad\" class=\"section-gm093cad gutentor-col-wrap\">\n<div id=\"section-gd6b3b6\" class=\"wp-block-gutentor-e1 section-gd6b3b6 gutentor-element gutentor-element-advanced-text text-align-center-desktop text-align-center-tablet text-align-center-mobile\"><div class=\"gutentor-text-wrap\"><h1 class=\"gutentor-text\">Expans\u00e3o Maxila<\/h1><\/div><\/div>\n\n\n\n<div id=\"section-gf9b56c\" class=\"wp-block-gutentor-e1 section-gf9b56c gutentor-element gutentor-element-advanced-text text-align-center-desktop text-align-center-tablet text-align-center-mobile\"><div class=\"gutentor-text-wrap\"><h3 class=\"gutentor-text\">Casos Cl\u00ednicos<\/h3><\/div><\/div>\n\n\n\n<div id=\"section-gdc5e08\" class=\"wp-block-gutentor-e1 section-gdc5e08 gutentor-element gutentor-element-advanced-text text-align-center-desktop text-align-center-tablet text-align-center-mobile\"><div class=\"gutentor-text-wrap\"><h2 class=\"gutentor-text\">Expans\u00e3o maxila cirurgicamente assistida<\/h2><\/div><\/div>\n\n\n\n<div id=\"section-ga07234\" class=\"wp-block-gutentor-e1 section-ga07234 gutentor-element gutentor-element-advanced-text text-align-justify-desktop text-align-justify-tablet text-align-justify-mobile\"><div class=\"gutentor-text-wrap\"><h5 class=\"gutentor-text\">Procedimento para corre\u00e7\u00e3o da defici\u00eancia transversal da maxila em pacientesesqueleticamente maduros. Sua etiologia \u00e9 multifatorial, podendo estar relacionada \u00e0 h\u00e1bitos bucais (suc\u00e7\u00e3o n\u00e3o nutritiva, ex: chupeta), sequela de traumatismos, iatrogenias(corre\u00e7\u00e3o cir\u00fargica da fissura) e hereditariedade<\/h5><\/div><\/div>\n\n\n\n<div id=\"section-g75aeb3\" class=\"wp-block-gutentor-e6 section-g75aeb3 gutentor-element gutentor-element-image\"><div class=\"gutentor-element-image-box\"><div class=\"gutentor-image-thumb\"><img decoding=\"async\" class=\"normal-image\" src=\"https:\/\/iovp.com.br\/s\/wp-content\/uploads\/2024\/04\/expansao.jpg\" alt=\"IOVP - Expans\u00e3o de Maxila\" \/><\/div><\/div><\/div>\n\n\n\n<div id=\"section-gb2d596\" class=\"wp-block-gutentor-e1 section-gb2d596 gutentor-element gutentor-element-advanced-text text-align-justify-desktop text-align-justify-tablet text-align-justify-mobile\"><div class=\"gutentor-text-wrap\"><p class=\"gutentor-text\">Ilustra\u00e7\u00e3o do aumento das interdigita\u00e7\u00f5es na sutura palatina mediana com o aumento da idade.<br>Na inf\u00e2ncia (<strong>A<\/strong>) a sutura n\u00e3o se apresenta com as esp\u00edculas, que come\u00e7am a se estabelecer ainda na primeira d\u00e9cada de visa (<strong>B<\/strong>).<br>Na adolesc\u00eancia (<strong>C<\/strong>) as interfigita\u00e7\u00f5es tornam-se mais acentuadas, reduzindo substancialmente os resultados da expand\u00e3o esque\u00e9tica de maxila (Fonte: MELSEN).<\/p><\/div><\/div>\n\n\n\n<div id=\"section-ge2cb23\" class=\"wp-block-gutentor-e1 section-ge2cb23 gutentor-element gutentor-element-advanced-text text-align-justify-desktop text-align-justify-tablet text-align-justify-mobile\"><div class=\"gutentor-text-wrap\"><p class=\"gutentor-text\"><em><strong>MELSEN, B<\/strong> <strong>a Histological study of the influence of sutural morphology and skeletal maturation onn rapid paatal expansion in children. Trans. Eur. Orthod. Soc, London, p 499-507, 1972<\/strong><\/em><\/p><\/div><\/div>\n\n\n\n<div id=\"section-g8de0fb\" class=\"wp-block-gutentor-e1 section-g8de0fb gutentor-element gutentor-element-advanced-text text-align-justify-desktop text-align-justify-tablet text-align-justify-mobile\"><div class=\"gutentor-text-wrap\"><p class=\"gutentor-text\">Procedimento para corre\u00e7\u00e3o da defici\u00eancia transversal da maxila em pacientes esqueleticamente maduros. Sua etiologia \u00e9 multifatorial, podendo estar relacionada \u00e0 h\u00e1bitos bucais (suc\u00e7\u00e3o n\u00e3o nutritiva, ex: chupeta), sequela de traumatismos, iatrogenias(corre\u00e7\u00e3o cir\u00fargica da fissura) e hereditariedade<\/p><\/div><\/div>\n\n\n\n<div id=\"section-gbc9253\" class=\"wp-block-gutentor-e1 section-gbc9253 gutentor-element gutentor-element-advanced-text text-align-justify-desktop text-align-justify-tablet text-align-justify-mobile\"><div class=\"gutentor-text-wrap\"><p class=\"gutentor-text\">Os sinais que indicam defici\u00eancia transversal da maxila incluem: palato ogival(profundo), arco dent\u00e1rio maxilar estreito, mordida cruzada posterior uni ou bilateral, sendo a bilateral a mais comum, dentes apinhados, girovertidos, vestibularizados e\/ou palatinizados e corredor bucal amplo.<br>&nbsp;<br>Pode ser indicada quando o paciente apresenta mais de 5mm de defici\u00eancia transversal da maxila e matura\u00e7\u00e3o \u00f3ssea completa, podendo ser um dos passos que antecedem a cirurgia ortogn\u00e1tica ou t\u00e9rmino de um tratamento ortod\u00f4ntico. Nos casos de defici\u00eancia m\u00ednima ou moderada, a expans\u00e3o r\u00e1pida da maxila: Aumenta o per\u00edmetro do arco, permitindo o alinhamento dos elementos dent\u00e1rios apinhados.<\/p><\/div><\/div>\n\n\n\n<div id=\"section-gb715e9\" class=\"wp-block-gutentor-e1 section-gb715e9 gutentor-element gutentor-element-advanced-text text-align-justify-desktop text-align-justify-tablet text-align-justify-mobile\"><div class=\"gutentor-text-wrap\"><p class=\"gutentor-text\">Evita a necessidade de extra\u00e7\u00f5es de pr\u00e9 molares ou a inclina\u00e7\u00e3o excessiva dos incisivos para vestibular.<\/p><\/div><\/div>\n\n\n\n<div id=\"section-gf4ed53\" class=\"wp-block-gutentor-e1 section-gf4ed53 gutentor-element gutentor-element-advanced-text\"><div class=\"gutentor-text-wrap\"><h4 class=\"gutentor-text\">Expans\u00e3o r\u00e1pida da maxila cirurgicamente assistida utilizando distrator palatino<\/h4><\/div><\/div>\n\n\n\n<div id=\"section-g8c2f3f\" class=\"wp-block-gutentor-e1 section-g8c2f3f gutentor-element gutentor-element-advanced-text text-align-justify-desktop text-align-justify-tablet text-align-justify-mobile\"><div class=\"gutentor-text-wrap\"><p class=\"gutentor-text\">Aparelhos expansores\u00f3sseo-ancorados demonstram uma maior efetividade e resultados mais previs\u00edveis, comprovados na literatura. O distrator transpalatal\u00f3sseo-ancorado, possibilita uma expans\u00e3o palatal verdadeira, sem inclina\u00e7\u00f5es dento alveolares, al\u00e9m de evitar complica\u00e7\u00f5es dent\u00e1rias e haver a possibilidade de utiliza\u00e7\u00e3o em ed\u00eantulos. Jacobs&amp;Chung, demonstraram que expansores dento-suportados promovem rota\u00e7\u00e3o mesio-vestibular e vestibulariza\u00e7\u00e3o dos dentes de suporte, com um ganho transversal na arcada dent\u00e1ria cerca de 50% maior que na base \u00f3ssea, o que mascara o ganho real e aumenta as chances de recidiva.<\/p><\/div><\/div>\n\n\n\n<div id=\"section-gc30b2d\" class=\"wp-block-gutentor-e1 section-gc30b2d gutentor-element gutentor-element-advanced-text\"><div class=\"gutentor-text-wrap\"><p class=\"gutentor-text\"><strong>Texto retirado do Brazilian Journal of Surgery and Clinical Research &#8211; BJSCR Vol.11,n.1,pp.24-27 (Jun\u2013Ago 2015)<\/strong><\/p><\/div><\/div>\n\n\n\n<section id=\"section-d01b6cf5-eb1d-4db3-8df1-51bb5be6037e\" class=\"wp-block-gutentor-gallery gutentor-section gutentor-gallery gutentor-gallery-wrapper enable-masonry gallery-template2 has-color-bg has-custom-bg\"><div class=\"grid-container\"><div class=\"grid-row gutentor-grid-item-wrap full-width-row\"><div class=\"gutentor-gallery-item grid-md-3 grid-sm-4 grid-xs-12\"><div class=\"gutentor-single-item gutentor-image gutentor-single-item-0\"><div class=\"gutentor-gallery-item-wrap\"><div class=\"gutentor-single-item-image-box\"><div class=\"gutentor-image-thumb\"><img decoding=\"async\" class=\"normal-image\" src=\"https:\/\/iovp.com.br\/s\/wp-content\/uploads\/2024\/08\/Osmair-b.jpg\" alt=\"\" height=\"538\" width=\"960\" \/><div class=\"overlay\"><\/div><\/div><\/div><div class=\"gutentor-single-item-content\"><div class=\"gutentor-gallery-item-header\"><a href=\"https:\/\/iovp.com.br\/s\/wp-content\/uploads\/2024\/08\/Osmair-b.jpg\" class=\"image-gallery\"><i class=\"gallery-icon fas fa-search\"><\/i><\/a><\/div><div class=\"gutentor-gallery-item-desc\"><\/div><\/div><\/div><\/div><\/div><div class=\"gutentor-gallery-item grid-md-3 grid-sm-4 grid-xs-12\"><div class=\"gutentor-single-item gutentor-image gutentor-single-item-1\"><div class=\"gutentor-gallery-item-wrap\"><div class=\"gutentor-single-item-image-box\"><div class=\"gutentor-image-thumb\"><img decoding=\"async\" class=\"normal-image\" src=\"https:\/\/iovp.com.br\/s\/wp-content\/uploads\/2024\/08\/Patricia-b-.jpg\" alt=\"\" height=\"1373\" width=\"1920\" \/><div class=\"overlay\"><\/div><\/div><\/div><div class=\"gutentor-single-item-content\"><div class=\"gutentor-gallery-item-header\"><a href=\"https:\/\/iovp.com.br\/s\/wp-content\/uploads\/2024\/08\/Patricia-b-.jpg\" class=\"image-gallery\"><i class=\"gallery-icon fas fa-search\"><\/i><\/a><\/div><div class=\"gutentor-gallery-item-desc\"><\/div><\/div><\/div><\/div><\/div><div class=\"gutentor-gallery-item grid-md-3 grid-sm-4 grid-xs-12\"><div class=\"gutentor-single-item gutentor-image gutentor-single-item-2\"><div class=\"gutentor-gallery-item-wrap\"><div class=\"gutentor-single-item-image-box\"><div class=\"gutentor-image-thumb\"><img decoding=\"async\" class=\"normal-image\" src=\"https:\/\/iovp.com.br\/s\/wp-content\/uploads\/2024\/08\/Osmair.jpg\" alt=\"\" height=\"307\" width=\"480\" \/><div class=\"overlay\"><\/div><\/div><\/div><div class=\"gutentor-single-item-content\"><div class=\"gutentor-gallery-item-header\"><a href=\"https:\/\/iovp.com.br\/s\/wp-content\/uploads\/2024\/08\/Osmair.jpg\" class=\"image-gallery\"><i class=\"gallery-icon fas fa-search\"><\/i><\/a><\/div><div class=\"gutentor-gallery-item-desc\"><\/div><\/div><\/div><\/div><\/div><div class=\"gutentor-gallery-item grid-md-3 grid-sm-4 grid-xs-12\"><div class=\"gutentor-single-item gutentor-image gutentor-single-item-3\"><div class=\"gutentor-gallery-item-wrap\"><div class=\"gutentor-single-item-image-box\"><div class=\"gutentor-image-thumb\"><img decoding=\"async\" class=\"normal-image\" src=\"https:\/\/iovp.com.br\/s\/wp-content\/uploads\/2024\/08\/Patricia-a.jpg\" alt=\"\" height=\"960\" width=\"839\" \/><div class=\"overlay\"><\/div><\/div><\/div><div class=\"gutentor-single-item-content\"><div class=\"gutentor-gallery-item-header\"><a href=\"https:\/\/iovp.com.br\/s\/wp-content\/uploads\/2024\/08\/Patricia-a.jpg\" class=\"image-gallery\"><i class=\"gallery-icon fas fa-search\"><\/i><\/a><\/div><div class=\"gutentor-gallery-item-desc\"><\/div><\/div><\/div><\/div><\/div><div class=\"gutentor-gallery-item grid-md-3 grid-sm-4 grid-xs-12\"><div class=\"gutentor-single-item gutentor-image gutentor-single-item-4\"><div class=\"gutentor-gallery-item-wrap\"><div class=\"gutentor-single-item-image-box\"><div class=\"gutentor-image-thumb\"><img decoding=\"async\" class=\"normal-image\" src=\"https:\/\/iovp.com.br\/s\/wp-content\/uploads\/2024\/08\/Patricia-c.jpg\" alt=\"\" height=\"972\" width=\"1542\" \/><div class=\"overlay\"><\/div><\/div><\/div><div class=\"gutentor-single-item-content\"><div class=\"gutentor-gallery-item-header\"><a href=\"https:\/\/iovp.com.br\/s\/wp-content\/uploads\/2024\/08\/Patricia-c.jpg\" class=\"image-gallery\"><i class=\"gallery-icon fas fa-search\"><\/i><\/a><\/div><div class=\"gutentor-gallery-item-desc\"><\/div><\/div><\/div><\/div><\/div><\/div><\/div><\/section>\n<\/div><\/div>\n<\/div><\/div><\/section>\n","protected":false},"excerpt":{"rendered":"","protected":false},"author":2,"featured_media":0,"parent":0,"menu_order":0,"comment_status":"closed","ping_status":"closed","template":"","meta":{"_crdt_document":"","inline_featured_image":false,"_uag_custom_page_level_css":"","site-sidebar-layout":"default","site-content-layout":"","ast-site-content-layout":"full-width-container","site-content-style":"unboxed","site-sidebar-style":"default","ast-global-header-display":"","ast-banner-title-visibility":"","ast-main-header-display":"","ast-hfb-above-header-display":"","ast-hfb-below-header-display":"","ast-hfb-mobile-header-display":"","site-post-title":"disabled","ast-breadcrumbs-content":"","ast-featured-img":"","footer-sml-layout":"","ast-disable-related-posts":"","theme-transparent-header-meta":"","adv-header-id-meta":"","stick-header-meta":"","header-above-stick-meta":"","header-main-stick-meta":"","header-below-stick-meta":"","astra-migrate-meta-layouts":"set","ast-page-background-enabled":"default","ast-page-background-meta":{"desktop":{"background-color":"var(--ast-global-color-4)","background-image":"","background-repeat":"repeat","background-position":"center center","background-size":"auto","background-attachment":"scroll","background-type":"","background-media":"","overlay-type":"","overlay-color":"","overlay-opacity":"","overlay-gradient":""},"tablet":{"background-color":"","background-image":"","background-repeat":"repeat","background-position":"center center","background-size":"auto","background-attachment":"scroll","background-type":"","background-media":"","overlay-type":"","overlay-color":"","overlay-opacity":"","overlay-gradient":""},"mobile":{"background-color":"","background-image":"","background-repeat":"repeat","background-position":"center center","background-size":"auto","background-attachment":"scroll","background-type":"","background-media":"","overlay-type":"","overlay-color":"","overlay-opacity":"","overlay-gradient":""}},"ast-content-background-meta":{"desktop":{"background-color":"var(--ast-global-color-5)","background-image":"","background-repeat":"repeat","background-position":"center center","background-size":"auto","background-attachment":"scroll","background-type":"","background-media":"","overlay-type":"","overlay-color":"","overlay-opacity":"","overlay-gradient":""},"tablet":{"background-color":"var(--ast-global-color-5)","background-image":"","background-repeat":"repeat","background-position":"center center","background-size":"auto","background-attachment":"scroll","background-type":"","background-media":"","overlay-type":"","overlay-color":"","overlay-opacity":"","overlay-gradient":""},"mobile":{"background-color":"var(--ast-global-color-5)","background-image":"","background-repeat":"repeat","background-position":"center center","background-size":"auto","background-attachment":"scroll","background-type":"","background-media":"","overlay-type":"","overlay-color":"","overlay-opacity":"","overlay-gradient":""}},"footnotes":""},"class_list":["post-1848","page","type-page","status-publish","hentry"],"uagb_featured_image_src":{"full":false,"thumbnail":false,"medium":false,"medium_large":false,"large":false,"1536x1536":false,"2048x2048":false},"uagb_author_info":{"display_name":"Sidnei Diniz","author_link":"https:\/\/iovp.com.br\/s\/author\/diniz\/"},"uagb_comment_info":0,"uagb_excerpt":null,"_links":{"self":[{"href":"https:\/\/iovp.com.br\/s\/wp-json\/wp\/v2\/pages\/1848","targetHints":{"allow":["GET"]}}],"collection":[{"href":"https:\/\/iovp.com.br\/s\/wp-json\/wp\/v2\/pages"}],"about":[{"href":"https:\/\/iovp.com.br\/s\/wp-json\/wp\/v2\/types\/page"}],"author":[{"embeddable":true,"href":"https:\/\/iovp.com.br\/s\/wp-json\/wp\/v2\/users\/2"}],"replies":[{"embeddable":true,"href":"https:\/\/iovp.com.br\/s\/wp-json\/wp\/v2\/comments?post=1848"}],"version-history":[{"count":24,"href":"https:\/\/iovp.com.br\/s\/wp-json\/wp\/v2\/pages\/1848\/revisions"}],"predecessor-version":[{"id":2309,"href":"https:\/\/iovp.com.br\/s\/wp-json\/wp\/v2\/pages\/1848\/revisions\/2309"}],"wp:attachment":[{"href":"https:\/\/iovp.com.br\/s\/wp-json\/wp\/v2\/media?parent=1848"}],"curies":[{"name":"wp","href":"https:\/\/api.w.org\/{rel}","templated":true}]}}