{"id":1633,"date":"2024-03-31T12:50:13","date_gmt":"2024-03-31T15:50:13","guid":{"rendered":"https:\/\/iovp.com.br\/s\/?page_id=1633"},"modified":"2024-04-10T23:11:41","modified_gmt":"2024-04-11T02:11:41","slug":"trauma-facial","status":"publish","type":"page","link":"https:\/\/iovp.com.br\/s\/trauma-facial\/","title":{"rendered":"trauma facial"},"content":{"rendered":"\n<section id=\"gmc0b9f09\" class=\"wp-block-gutentor-m4 section-gmc0b9f09 gutentor-module gutentor-advanced-columns has-color-bg has-custom-bg\"><div class=\"grid-container\"><div class=\"grid-row\">\n<div id=\"col-gma4c61b\" class=\"wp-block-gutentor-m4-col col-gma4c61b gutentor-single-column  grid-lg-12 grid-md-12 grid-12\"><div id=\"section-gma4c61b\" class=\"section-gma4c61b gutentor-col-wrap\">\n<div id=\"section-gfcd00d\" class=\"wp-block-gutentor-e1 section-gfcd00d gutentor-element gutentor-element-advanced-text text-align-center-desktop text-align-center-tablet text-align-center-mobile\"><div class=\"gutentor-text-wrap\"><h1 class=\"gutentor-text\">Entendendo o Trauma Facial<\/h1><\/div><\/div>\n\n\n\n<div id=\"section-g631de5\" class=\"wp-block-gutentor-e1 section-g631de5 gutentor-element gutentor-element-advanced-text text-align-center-desktop text-align-center-tablet text-align-center-mobile\"><div class=\"gutentor-text-wrap\"><h2 class=\"gutentor-text\">Causas, Tipos, Tratamentos e Recupera\u00e7\u00e3o de Trauma Facial<\/h2><\/div><\/div>\n\n\n\n<div id=\"section-g7ccefa\" class=\"wp-block-gutentor-e6 section-g7ccefa gutentor-element gutentor-element-image\"><div class=\"gutentor-element-image-box\"><div class=\"gutentor-image-thumb\"><img decoding=\"async\" class=\"normal-image\" src=\"https:\/\/iovp.com.br\/s\/wp-content\/uploads\/2024\/03\/traumatologico.jpg\" alt=\"Ilustra\u00e7\u00e3o trauma facial\" \/><\/div><\/div><\/div>\n\n\n\n<div id=\"section-gb712ac\" class=\"wp-block-gutentor-e1 section-gb712ac gutentor-element gutentor-element-advanced-text text-align-justify-desktop text-align-justify-tablet text-align-justify-mobile\"><div class=\"gutentor-text-wrap\"><p class=\"gutentor-text\">O trauma facial refere-se a les\u00f5es que ocorrem na face, envolvendo ossos, tecidos moles (como pele, m\u00fasculos e vasos sangu\u00edneos) e estruturas relacionadas, como os olhos, nariz, boca e dentes. Essas les\u00f5es podem ser causadas por uma variedade de eventos, incluindo <mark class=\"has-inline-color has-ast-global-color-0-color\"><strong>acidentes automobil\u00edsticos, agress\u00f5es f\u00edsicas, quedas, acidentes esportivos, acidentes de trabalho<\/strong><\/mark> e outros tipos de trauma.<br>\u00a0<br>As les\u00f5es faciais podem variar de <mark class=\"has-inline-color has-ast-global-color-0-color\"><strong>leves a graves<\/strong><\/mark> e podem incluir fraturas \u00f3sseas, lacera\u00e7\u00f5es na pele, contus\u00f5es, ferimentos por queimaduras, les\u00f5es oculares, les\u00f5es nas vias a\u00e9reas superiores e les\u00f5es dent\u00e1rias. Dependendo da gravidade, o trauma facial pode afetar significativamente a fun\u00e7\u00e3o e a est\u00e9tica da face, al\u00e9m de representar danos cerebrais e risco \u00e0 vida em casos mais graves.<br>\u00a0<br>O tratamento do trauma facial \u00e9 complexo e pode envolver uma equipe multidisciplinar de profissionais de sa\u00fade, incluindo cirurgi\u00f5es bucomaxilofaciais, cirurgi\u00f5es pl\u00e1sticos, oftalmologistas, otorrinolaringologistas, dentistas e outros especialistas, dependendo das les\u00f5es espec\u00edficas e suas consequ\u00eancias. O objetivo do tratamento \u00e9 <mark class=\"has-inline-color has-ast-global-color-0-color\"><strong>restaurar a fun\u00e7\u00e3o, a est\u00e9tica e a integridade da fac<\/strong><\/mark>e, reduzindo complica\u00e7\u00f5es e sequelas.<\/p><\/div><\/div>\n\n\n\n<section id=\"gmec6feae\" class=\"wp-block-gutentor-m4 section-gmec6feae gutentor-module gutentor-advanced-columns\"><div class=\"grid-container\"><div class=\"grid-row\">\n<div id=\"col-gmdb5724\" class=\"wp-block-gutentor-m4-col col-gmdb5724 gutentor-single-column  grid-lg-5 grid-md-5 grid-12\"><div id=\"section-gmdb5724\" class=\"section-gmdb5724 gutentor-col-wrap\">\n<div id=\"section-g6c70fa\" class=\"wp-block-gutentor-e6 section-g6c70fa gutentor-element gutentor-element-image\"><div class=\"gutentor-element-image-box\"><div class=\"gutentor-image-thumb\"><img decoding=\"async\" class=\"normal-image\" src=\"https:\/\/iovp.com.br\/s\/wp-content\/uploads\/2024\/03\/trauma400.webp\" alt=\"trauma face\" \/><\/div><\/div><\/div>\n<\/div><\/div>\n\n\n\n<div id=\"col-gmeab66a\" class=\"wp-block-gutentor-m4-col col-gmeab66a gutentor-single-column  grid-lg-7 grid-md-7 grid-12\"><div id=\"section-gmeab66a\" class=\"section-gmeab66a gutentor-col-wrap\">\n<div id=\"section-g04b6bc\" class=\"wp-block-gutentor-e1 section-g04b6bc gutentor-element gutentor-element-advanced-text text-align-justify-desktop text-align-justify-tablet text-align-justify-mobile\"><div class=\"gutentor-text-wrap\"><p class=\"gutentor-text\">As les\u00f5es faciais podem variar de <mark class=\"has-inline-color has-ast-global-color-0-color\"><strong>leves a graves<\/strong><\/mark> e podem incluir fraturas \u00f3sseas, lacera\u00e7\u00f5es na pele, contus\u00f5es, ferimentos por queimaduras, les\u00f5es oculares, les\u00f5es nas vias a\u00e9reas superiores e les\u00f5es dent\u00e1rias. Dependendo da gravidade, o trauma facial pode afetar significativamente a fun\u00e7\u00e3o e a est\u00e9tica da face, al\u00e9m de representar danos cerebrais e risco \u00e0 vida em casos mais graves.<\/p><\/div><\/div>\n\n\n\n<div id=\"section-g19819e\" class=\"wp-block-gutentor-e1 section-g19819e gutentor-element gutentor-element-advanced-text text-align-justify-desktop text-align-justify-tablet text-align-justify-mobile  d-md-none d-lg-block\"><div class=\"gutentor-text-wrap\"><p class=\"gutentor-text\">O tratamento do trauma facial \u00e9 complexo e pode envolver uma equipe multidisciplinar de profissionais de sa\u00fade, incluindo cirurgi\u00f5es bucomaxilofaciais, cirurgi\u00f5es pl\u00e1sticos, oftalmologistas, otorrinolaringologistas, dentistas e outros especialistas, dependendo das les\u00f5es espec\u00edficas e suas consequ\u00eancias. O objetivo do tratamento \u00e9 <mark class=\"has-inline-color has-ast-global-color-0-color\"><strong>restaurar a fun\u00e7\u00e3o, a est\u00e9tica e a integridade da fac<\/strong><\/mark>e, reduzindo complica\u00e7\u00f5es e sequelas.<\/p><\/div><\/div>\n<\/div><\/div>\n<\/div><\/div><\/section>\n\n\n\n<div id=\"section-g8ac965\" class=\"wp-block-gutentor-e1 section-g8ac965 gutentor-element gutentor-element-advanced-text text-align-justify-desktop text-align-justify-tablet text-align-justify-mobile d-lg-none d-none d-md-block\"><div class=\"gutentor-text-wrap\"><p class=\"gutentor-text\">O tratamento do trauma facial \u00e9 complexo e pode envolver uma equipe multidisciplinar de profissionais de sa\u00fade, incluindo cirurgi\u00f5es bucomaxilofaciais, cirurgi\u00f5es pl\u00e1sticos, oftalmologistas, otorrinolaringologistas, dentistas e outros especialistas, dependendo das les\u00f5es espec\u00edficas e suas consequ\u00eancias. O objetivo do tratamento \u00e9 <mark class=\"has-inline-color has-ast-global-color-0-color\"><strong>restaurar a fun\u00e7\u00e3o, a est\u00e9tica e a integridade da fac<\/strong><\/mark>e, reduzindo complica\u00e7\u00f5es e sequelas.<\/p><\/div><\/div>\n\n\n\n<div id=\"section-g0ec36b\" class=\"wp-block-gutentor-e1 section-g0ec36b gutentor-element gutentor-element-advanced-text text-align-justify-desktop text-align-justify-tablet text-align-justify-mobile\"><div class=\"gutentor-text-wrap\"><p class=\"gutentor-text\">Os procedimentos de tratamento podem incluir redu\u00e7\u00e3o de fraturas \u00f3sseas, reparo de tecidos moles, reconstru\u00e7\u00e3o facial, tratamento de les\u00f5es oculares, cirurgia dent\u00e1ria e outras interven\u00e7\u00f5es necess\u00e1rias para restaurar a sa\u00fade e o bem-estar do paciente. Al\u00e9m do tratamento f\u00edsico, a reabilita\u00e7\u00e3o emocional e psicol\u00f3gica tamb\u00e9m pode ser importante parafacial.<br><a href=\"https:\/\/www.aafprs.org\/Consumers\/Procedures\/ReconstructiveSurgery\/Trauma\/A\/RE4.aspx?hkey=208da5d7-8639-4ab9-bc8f-7cfe0010a700\" target=\"_blank\" rel=\"noreferrer noopener\">Leia mais..<\/a><\/p><\/div><\/div>\n\n\n\n<div id=\"section-g6ed9e2\" class=\"wp-block-gutentor-e1 section-g6ed9e2 gutentor-element gutentor-element-advanced-text text-align-center-desktop text-align-center-tablet text-align-center-mobile\"><div class=\"gutentor-text-wrap\"><h3 class=\"gutentor-text\">Tipos de Fratura<\/h3><\/div><\/div>\n\n\n\n<div id=\"section-gac3c46\" class=\"wp-block-gutentor-e1 section-gac3c46 gutentor-element gutentor-element-advanced-text\"><div class=\"gutentor-text-wrap\"><p class=\"gutentor-text\">Existem v\u00e1rios tipos de fraturas que podem ocorrer no rosto e na mand\u00edbula, muitas vezes resultantes de trauma facial. Aqui est\u00e3o alguns dos tipos mais comuns de fraturas faciais:<\/p><\/div><\/div>\n\n\n\n<section id=\"gm9d7eaa1\" class=\"wp-block-gutentor-m4 section-gm9d7eaa1 gutentor-module gutentor-advanced-columns\"><div class=\"grid-container\"><div class=\"grid-row\">\n<div id=\"col-gm0ce25d\" class=\"wp-block-gutentor-m4-col col-gm0ce25d gutentor-single-column  grid-lg-12 grid-md-12 grid-12\"><div id=\"section-gm0ce25d\" class=\"section-gm0ce25d gutentor-col-wrap\">\n<div id=\"section-gefe138\" class=\"wp-block-gutentor-e1 section-gefe138 gutentor-element gutentor-element-advanced-text\"><div class=\"gutentor-text-wrap\"><p class=\"gutentor-text\">Fraturas Nasais<\/p><\/div><\/div>\n\n\n\n<div id=\"section-ga851a3\" class=\"wp-block-gutentor-e6 section-ga851a3 gutentor-element gutentor-element-image text-align-center-desktop text-align-center-tablet text-align-center-mobile\"><div class=\"gutentor-element-image-box\"><div class=\"gutentor-image-thumb\"><img decoding=\"async\" class=\"normal-image\" src=\"https:\/\/iovp.com.br\/s\/wp-content\/uploads\/2024\/03\/fratura-nariz-2-400w.webp\" alt=\"Fraturas nasais\" \/><\/div><\/div><\/div>\n\n\n\n<div id=\"section-g261426\" class=\"wp-block-gutentor-e1 section-g261426 gutentor-element gutentor-element-advanced-text text-align-justify-desktop text-align-justify-tablet text-align-justify-mobile\"><div class=\"gutentor-text-wrap\"><p class=\"gutentor-text\">Envolve a quebra dos ossos do nariz. Pode causar dor, deformidade nasal e dificuldade para respirar pelo nariz.<\/p><\/div><\/div>\n<\/div><\/div>\n<\/div><\/div><\/section>\n\n\n\n<section id=\"gm4c0d431\" class=\"wp-block-gutentor-m4 section-gm4c0d431 gutentor-module gutentor-advanced-columns\"><div class=\"grid-container\"><div class=\"grid-row\">\n<div id=\"col-gm4a04b6\" class=\"wp-block-gutentor-m4-col col-gm4a04b6 gutentor-single-column  grid-lg-12 grid-md-12 grid-12\"><div id=\"section-gm4a04b6\" class=\"section-gm4a04b6 gutentor-col-wrap\">\n<div id=\"section-g3ba197\" class=\"wp-block-gutentor-e1 section-g3ba197 gutentor-element gutentor-element-advanced-text\"><div class=\"gutentor-text-wrap\"><p class=\"gutentor-text\">Fratura Le Fort ou de Maxilar<\/p><\/div><\/div>\n\n\n\n<div id=\"section-gb412e8\" class=\"wp-block-gutentor-e6 section-gb412e8 gutentor-element gutentor-element-image text-align-center-desktop text-align-center-tablet text-align-center-mobile\"><div class=\"gutentor-element-image-box\"><div class=\"gutentor-image-thumb\"><img decoding=\"async\" class=\"normal-image\" src=\"https:\/\/iovp.com.br\/s\/wp-content\/uploads\/2024\/03\/lefort.gif\" alt=\"Fraturas Le Fort\" \/><\/div><\/div><\/div>\n\n\n\n<div id=\"section-g9f69ca\" class=\"wp-block-gutentor-e1 section-g9f69ca gutentor-element gutentor-element-advanced-text text-align-justify-desktop text-align-justify-tablet text-align-justify-mobile\"><div class=\"gutentor-text-wrap\"><p class=\"gutentor-text\">S\u00e3o fraturas que ocorrem em diferentes n\u00edveis da face, divididas em tr\u00eas tipos principais (Le Fort I, Le Fort II e Le Fort III), cada uma afetando diferentes regi\u00f5es do rosto. Essas fraturas s\u00e3o frequentemente o resultado de traumas graves e podem causar deformidades faciais significativas, dificuldade para respirar e at\u00e9 mesmo comprometimento da via a\u00e9rea.<\/p><\/div><\/div>\n<\/div><\/div>\n<\/div><\/div><\/section>\n\n\n\n<section id=\"gmd690077\" class=\"wp-block-gutentor-m4 section-gmd690077 gutentor-module gutentor-advanced-columns\"><div class=\"grid-container\"><div class=\"grid-row\">\n<div id=\"col-gm6d2858\" class=\"wp-block-gutentor-m4-col col-gm6d2858 gutentor-single-column  grid-lg-12 grid-md-12 grid-12\"><div id=\"section-gm6d2858\" class=\"section-gm6d2858 gutentor-col-wrap\">\n<div id=\"section-g65a3a5\" class=\"wp-block-gutentor-e1 section-g65a3a5 gutentor-element gutentor-element-advanced-text\"><div class=\"gutentor-text-wrap\"><p class=\"gutentor-text\">Fratura Mandibular<\/p><\/div><\/div>\n\n\n\n<section id=\"gm3bc6723\" class=\"wp-block-gutentor-m4 section-gm3bc6723 gutentor-module gutentor-advanced-columns\"><div class=\"grid-container\"><div class=\"grid-row\">\n<div id=\"col-gmf1e752\" class=\"wp-block-gutentor-m4-col col-gmf1e752 gutentor-single-column  grid-lg-3 grid-md-12 grid-12\"><div id=\"section-gmf1e752\" class=\"section-gmf1e752 gutentor-col-wrap\">\n<div id=\"section-g534a10\" class=\"wp-block-gutentor-e6 section-g534a10 gutentor-element gutentor-element-image\"><div class=\"gutentor-element-image-box\"><div class=\"gutentor-image-thumb\"><img decoding=\"async\" class=\"normal-image\" src=\"https:\/\/iovp.com.br\/s\/wp-content\/uploads\/2024\/03\/fraturamandibula-400w.webp\" alt=\"Fratura de mand\u00edbula\" \/><\/div><\/div><\/div>\n<\/div><\/div>\n\n\n\n<div id=\"col-gm37e7f0\" class=\"wp-block-gutentor-m4-col col-gm37e7f0 gutentor-single-column  grid-lg-9 grid-md-12 grid-12\"><div id=\"section-gm37e7f0\" class=\"section-gm37e7f0 gutentor-col-wrap\">\n<div id=\"section-ga39391\" class=\"wp-block-gutentor-e1 section-ga39391 gutentor-element gutentor-element-advanced-text\"><div class=\"gutentor-text-wrap\"><p class=\"gutentor-text\">Envolve a quebra da mand\u00edbula (maxilar inferior). Pode causar dor intensa, incha\u00e7o, desalinhamento dos dentes, dificuldade para abrir ou fechar a boca e at\u00e9 mesmo a incapacidade de falar ou engolir corretamente.<\/p><\/div><\/div>\n<\/div><\/div>\n<\/div><\/div><\/section>\n<\/div><\/div>\n<\/div><\/div><\/section>\n\n\n\n<section id=\"gm5ffdeae\" class=\"wp-block-gutentor-m4 section-gm5ffdeae gutentor-module gutentor-advanced-columns\"><div class=\"grid-container\"><div class=\"grid-row\">\n<div id=\"col-gmc9fc00\" class=\"wp-block-gutentor-m4-col col-gmc9fc00 gutentor-single-column  grid-lg-12 grid-md-12 grid-12\"><div id=\"section-gmc9fc00\" class=\"section-gmc9fc00 gutentor-col-wrap\">\n<div id=\"section-g19617a\" class=\"wp-block-gutentor-e1 section-g19617a gutentor-element gutentor-element-advanced-text\"><div class=\"gutentor-text-wrap\"><p class=\"gutentor-text\">Fratura de Zigoma<\/p><\/div><\/div>\n\n\n\n<section id=\"gm96d9595\" class=\"wp-block-gutentor-m4 section-gm96d9595 gutentor-module gutentor-advanced-columns\"><div class=\"grid-container\"><div class=\"grid-row\">\n<div id=\"col-gmfa5bbe\" class=\"wp-block-gutentor-m4-col col-gmfa5bbe gutentor-single-column  grid-lg-3 grid-md-12 grid-12\"><div id=\"section-gmfa5bbe\" class=\"section-gmfa5bbe gutentor-col-wrap\">\n<div id=\"section-g219d76\" class=\"wp-block-gutentor-e6 section-g219d76 gutentor-element gutentor-element-image\"><div class=\"gutentor-element-image-box\"><div class=\"gutentor-image-thumb\"><img decoding=\"async\" class=\"normal-image\" src=\"https:\/\/iovp.com.br\/s\/wp-content\/uploads\/2024\/03\/trauma400.webp\" alt=\"trauma face\" \/><\/div><\/div><\/div>\n<\/div><\/div>\n\n\n\n<div id=\"col-gmfe0003\" class=\"wp-block-gutentor-m4-col col-gmfe0003 gutentor-single-column  grid-lg-9 grid-md-12 grid-12\"><div id=\"section-gmfe0003\" class=\"section-gmfe0003 gutentor-col-wrap\">\n<div id=\"section-g451ab7\" class=\"wp-block-gutentor-e1 section-g451ab7 gutentor-element gutentor-element-advanced-text\"><div class=\"gutentor-text-wrap\"><p class=\"gutentor-text\">\u00c9 uma fratura que afeta os ossos zigom\u00e1ticos (osso da bochecha), que formam a estrutura das ma\u00e7\u00e3s do rosto. Pode causar dor, incha\u00e7o e desalinhamento facial.<\/p><\/div><\/div>\n<\/div><\/div>\n<\/div><\/div><\/section>\n<\/div><\/div>\n<\/div><\/div><\/section>\n\n\n\n<section id=\"gmd8c6a22\" class=\"wp-block-gutentor-m4 section-gmd8c6a22 gutentor-module gutentor-advanced-columns\"><div class=\"grid-container\"><div class=\"grid-row\">\n<div id=\"col-gmbbe546\" class=\"wp-block-gutentor-m4-col col-gmbbe546 gutentor-single-column  grid-lg-12 grid-md-12 grid-12\"><div id=\"section-gmbbe546\" class=\"section-gmbbe546 gutentor-col-wrap\">\n<div id=\"section-g14d745\" class=\"wp-block-gutentor-e1 section-g14d745 gutentor-element gutentor-element-advanced-text\"><div class=\"gutentor-text-wrap\"><p class=\"gutentor-text\">Fratura FNOE<\/p><\/div><\/div>\n\n\n\n<div id=\"section-g1cafa4\" class=\"wp-block-gutentor-e6 section-g1cafa4 gutentor-element gutentor-element-image text-align-center-desktop text-align-center-tablet text-align-center-mobile\"><div class=\"gutentor-element-image-box\"><div class=\"gutentor-image-thumb\"><img decoding=\"async\" class=\"normal-image\" src=\"https:\/\/iovp.com.br\/s\/wp-content\/uploads\/2024\/03\/fnoe.webp\" \/><\/div><\/div><\/div>\n\n\n\n<div id=\"section-g4c2f01\" class=\"wp-block-gutentor-e1 section-g4c2f01 gutentor-element gutentor-element-advanced-text text-align-justify-desktop text-align-justify-tablet text-align-justify-mobile\"><div class=\"gutentor-text-wrap\"><p class=\"gutentor-text\">A fratura fronto-naso-\u00f3rbito-etmoidal (FNOE) \u00e9 uma fratura complexa que envolve v\u00e1rias estruturas do rosto, incluindo os ossos frontal, nasal, orbit\u00e1rio e etmoidal. Essa fratura \u00e9 considerada uma das mais graves e complexas devido \u00e0 sua extens\u00e3o e ao potencial de danos \u00e0s estruturas vitais, como os olhos e os seios paranasais.<br><br>Os sintomas de uma fratura FNOE podem incluir dor intensa na \u00e1rea da testa, nariz e ao redor dos olhos, incha\u00e7o, deformidade facial, equimoses ao redor dos olhos (olhos roxos), sangramento nasal, vis\u00e3o dupla ou prejudicada e at\u00e9 mesmo perda de vis\u00e3o. Dependendo da gravidade da fratura, o paciente pode ter dificuldade para respirar ou sentir press\u00e3o no rosto devido a danos nos seios paranasais.<\/p><\/div><\/div>\n<\/div><\/div>\n<\/div><\/div><\/section>\n\n\n\n<section id=\"gmf92e372\" class=\"wp-block-gutentor-m4 section-gmf92e372 gutentor-module gutentor-advanced-columns\"><div class=\"grid-container\"><div class=\"grid-row\">\n<div id=\"col-gmb8c9eb\" class=\"wp-block-gutentor-m4-col col-gmb8c9eb gutentor-single-column  grid-lg-12 grid-md-12 grid-12\"><div id=\"section-gmb8c9eb\" class=\"section-gmb8c9eb gutentor-col-wrap\">\n<div id=\"section-ge144a3\" class=\"wp-block-gutentor-e1 section-ge144a3 gutentor-element gutentor-element-advanced-text\"><div class=\"gutentor-text-wrap\"><p class=\"gutentor-text\">Fratura Pan-faciais<\/p><\/div><\/div>\n\n\n\n<section id=\"gmd14e69b\" class=\"wp-block-gutentor-m4 section-gmd14e69b gutentor-module gutentor-advanced-columns\"><div class=\"grid-container\"><div class=\"grid-row\">\n<div id=\"col-gm3a9881\" class=\"wp-block-gutentor-m4-col col-gm3a9881 gutentor-single-column  grid-lg-3 grid-md-12 grid-12\"><div id=\"section-gm3a9881\" class=\"section-gm3a9881 gutentor-col-wrap\">\n<div id=\"section-g5df6a4\" class=\"wp-block-gutentor-e6 section-g5df6a4 gutentor-element gutentor-element-image text-align-center-desktop text-align-center-tablet text-align-center-mobile\"><div class=\"gutentor-element-image-box\"><div class=\"gutentor-image-thumb\"><img decoding=\"async\" class=\"normal-image\" src=\"https:\/\/iovp.com.br\/s\/wp-content\/uploads\/2024\/03\/pan-facial.webp\" alt=\"Fraturas pan-faciais\" \/><\/div><\/div><\/div>\n<\/div><\/div>\n\n\n\n<div id=\"col-gm91a65e\" class=\"wp-block-gutentor-m4-col col-gm91a65e gutentor-single-column  grid-lg-9 grid-md-12 grid-12\"><div id=\"section-gm91a65e\" class=\"section-gm91a65e gutentor-col-wrap\">\n<div id=\"section-g72e024\" class=\"wp-block-gutentor-e1 section-g72e024 gutentor-element gutentor-element-advanced-text\"><div class=\"gutentor-text-wrap\"><p class=\"gutentor-text\">Uma fratura panfacial \u00e9 uma les\u00e3o facial que afeta m\u00faltiplas regi\u00f5es da face, envolvendo o ter\u00e7o superior, m\u00e9dio e inferior. Essa fratura \u00e9 considerada uma das mais graves e complexas, pois afeta uma grande parte da estrutura facial, incluindo os ossos frontal, nasal, zigom\u00e1tico, maxilar, mand\u00edbula e osso orbital.<\/p><\/div><\/div>\n<\/div><\/div>\n<\/div><\/div><\/section>\n<\/div><\/div>\n<\/div><\/div><\/section>\n\n\n\n<section id=\"gma3b6dce\" class=\"wp-block-gutentor-m4 section-gma3b6dce gutentor-module gutentor-advanced-columns\"><div class=\"grid-container\"><div class=\"grid-row\">\n<div id=\"col-gm2cc758\" class=\"wp-block-gutentor-m4-col col-gm2cc758 gutentor-single-column  grid-lg-12 grid-md-12 grid-12\"><div id=\"section-gm2cc758\" class=\"section-gm2cc758 gutentor-col-wrap\">\n<div id=\"section-g918698\" class=\"wp-block-gutentor-e1 section-g918698 gutentor-element gutentor-element-advanced-text\"><div class=\"gutentor-text-wrap\"><p class=\"gutentor-text\">Fratura Pan-faciais<\/p><\/div><\/div>\n\n\n\n<section id=\"gm77d1d23\" class=\"wp-block-gutentor-m4 section-gm77d1d23 gutentor-module gutentor-advanced-columns\"><div class=\"grid-container\"><div class=\"grid-row\">\n<div id=\"col-gmc5d120\" class=\"wp-block-gutentor-m4-col col-gmc5d120 gutentor-single-column  grid-lg-3 grid-md-12 grid-12\"><div id=\"section-gmc5d120\" class=\"section-gmc5d120 gutentor-col-wrap\">\n<div id=\"section-gc73a54\" class=\"wp-block-gutentor-e6 section-gc73a54 gutentor-element gutentor-element-image text-align-center-desktop text-align-center-tablet text-align-center-mobile\"><div class=\"gutentor-element-image-box\"><div class=\"gutentor-image-thumb\"><img decoding=\"async\" class=\"normal-image\" src=\"https:\/\/iovp.com.br\/s\/wp-content\/uploads\/2024\/03\/alveolar.webp\" alt=\"Fratura alveolar\" \/><\/div><\/div><\/div>\n<\/div><\/div>\n\n\n\n<div id=\"col-gm2f4cd8\" class=\"wp-block-gutentor-m4-col col-gm2f4cd8 gutentor-single-column  grid-lg-9 grid-md-12 grid-12\"><div id=\"section-gm2f4cd8\" class=\"section-gm2f4cd8 gutentor-col-wrap\">\n<div id=\"section-g77ab39\" class=\"wp-block-gutentor-e1 section-g77ab39 gutentor-element gutentor-element-advanced-text\"><div class=\"gutentor-text-wrap\"><p class=\"gutentor-text\">Uma fratura alveolar refere-se a uma les\u00e3o nos processos alveolares, que s\u00e3o as proje\u00e7\u00f5es \u00f3sseas na mand\u00edbula e maxila onde os dentes est\u00e3o inseridos. Essas fraturas podem ocorrer como resultado de traumas diretos na \u00e1rea da boca ou do rosto, como quedas, acidentes automobil\u00edsticos ou agress\u00f5es f\u00edsicas.<\/p><\/div><\/div>\n<\/div><\/div>\n<\/div><\/div><\/section>\n<\/div><\/div>\n<\/div><\/div><\/section>\n\n\n\n<div id=\"section-ga902ce\" class=\"wp-block-gutentor-e1 section-ga902ce gutentor-element gutentor-element-advanced-text\"><div class=\"gutentor-text-wrap\"><p class=\"gutentor-text\"><a href=\"https:\/\/iovp.com.br\/s\/cirurgia-ortognatica\/\">Leia tamb\u00e9m sobre: Cirurgia ortogn\u00e1tica<\/a><\/p><\/div><\/div>\n<\/div><\/div>\n<\/div><\/div><\/section>\n","protected":false},"excerpt":{"rendered":"","protected":false},"author":2,"featured_media":0,"parent":0,"menu_order":0,"comment_status":"closed","ping_status":"closed","template":"","meta":{"_crdt_document":"","inline_featured_image":false,"_uag_custom_page_level_css":"","site-sidebar-layout":"default","site-content-layout":"","ast-site-content-layout":"full-width-container","site-content-style":"unboxed","site-sidebar-style":"default","ast-global-header-display":"","ast-banner-title-visibility":"","ast-main-header-display":"","ast-hfb-above-header-display":"","ast-hfb-below-header-display":"","ast-hfb-mobile-header-display":"","site-post-title":"disabled","ast-breadcrumbs-content":"","ast-featured-img":"","footer-sml-layout":"","ast-disable-related-posts":"","theme-transparent-header-meta":"","adv-header-id-meta":"","stick-header-meta":"","header-above-stick-meta":"","header-main-stick-meta":"","header-below-stick-meta":"","astra-migrate-meta-layouts":"set","ast-page-background-enabled":"default","ast-page-background-meta":{"desktop":{"background-color":"var(--ast-global-color-4)","background-image":"","background-repeat":"repeat","background-position":"center center","background-size":"auto","background-attachment":"scroll","background-type":"","background-media":"","overlay-type":"","overlay-color":"","overlay-opacity":"","overlay-gradient":""},"tablet":{"background-color":"","background-image":"","background-repeat":"repeat","background-position":"center center","background-size":"auto","background-attachment":"scroll","background-type":"","background-media":"","overlay-type":"","overlay-color":"","overlay-opacity":"","overlay-gradient":""},"mobile":{"background-color":"","background-image":"","background-repeat":"repeat","background-position":"center center","background-size":"auto","background-attachment":"scroll","background-type":"","background-media":"","overlay-type":"","overlay-color":"","overlay-opacity":"","overlay-gradient":""}},"ast-content-background-meta":{"desktop":{"background-color":"var(--ast-global-color-5)","background-image":"","background-repeat":"repeat","background-position":"center center","background-size":"auto","background-attachment":"scroll","background-type":"","background-media":"","overlay-type":"","overlay-color":"","overlay-opacity":"","overlay-gradient":""},"tablet":{"background-color":"var(--ast-global-color-5)","background-image":"","background-repeat":"repeat","background-position":"center center","background-size":"auto","background-attachment":"scroll","background-type":"","background-media":"","overlay-type":"","overlay-color":"","overlay-opacity":"","overlay-gradient":""},"mobile":{"background-color":"var(--ast-global-color-5)","background-image":"","background-repeat":"repeat","background-position":"center center","background-size":"auto","background-attachment":"scroll","background-type":"","background-media":"","overlay-type":"","overlay-color":"","overlay-opacity":"","overlay-gradient":""}},"footnotes":""},"class_list":["post-1633","page","type-page","status-publish","hentry"],"uagb_featured_image_src":{"full":false,"thumbnail":false,"medium":false,"medium_large":false,"large":false,"1536x1536":false,"2048x2048":false},"uagb_author_info":{"display_name":"Sidnei Diniz","author_link":"https:\/\/iovp.com.br\/s\/author\/diniz\/"},"uagb_comment_info":0,"uagb_excerpt":null,"_links":{"self":[{"href":"https:\/\/iovp.com.br\/s\/wp-json\/wp\/v2\/pages\/1633","targetHints":{"allow":["GET"]}}],"collection":[{"href":"https:\/\/iovp.com.br\/s\/wp-json\/wp\/v2\/pages"}],"about":[{"href":"https:\/\/iovp.com.br\/s\/wp-json\/wp\/v2\/types\/page"}],"author":[{"embeddable":true,"href":"https:\/\/iovp.com.br\/s\/wp-json\/wp\/v2\/users\/2"}],"replies":[{"embeddable":true,"href":"https:\/\/iovp.com.br\/s\/wp-json\/wp\/v2\/comments?post=1633"}],"version-history":[{"count":74,"href":"https:\/\/iovp.com.br\/s\/wp-json\/wp\/v2\/pages\/1633\/revisions"}],"predecessor-version":[{"id":1883,"href":"https:\/\/iovp.com.br\/s\/wp-json\/wp\/v2\/pages\/1633\/revisions\/1883"}],"wp:attachment":[{"href":"https:\/\/iovp.com.br\/s\/wp-json\/wp\/v2\/media?parent=1633"}],"curies":[{"name":"wp","href":"https:\/\/api.w.org\/{rel}","templated":true}]}}